{"id":164,"date":"2016-09-02T07:11:41","date_gmt":"2016-09-02T06:11:41","guid":{"rendered":"https:\/\/capellamallorquina.com\/es\/?page_id=164"},"modified":"2016-09-05T15:33:27","modified_gmt":"2016-09-05T14:33:27","slug":"director-musical-artistico","status":"publish","type":"page","link":"https:\/\/capellamallorquina.com\/es\/director-musical-artistico\/","title":{"rendered":"Director Musical y Art\u00edstico"},"content":{"rendered":"<p>[vc_row][vc_column][vc_single_image image=&#8221;311&#8243; img_size=&#8221;large&#8221; alignment=&#8221;center&#8221;][\/vc_column][\/vc_row][vc_row][vc_column][vc_column_text]<\/p>\n<h2>Jos\u00e9 Mar\u00eda Moreno<\/h2>\n<h2>Director Musical y Art\u00edstico<\/h2>\n<h2 style=\"text-align: left;\"><a href=\"http:\/\/josemariamoreno.net\/\">www.josemariamoreno.net<\/a><\/h2>\n<p>[\/vc_column_text][\/vc_column][\/vc_row]<\/p>\n","protected":false},"excerpt":{"rendered":"<p>[vc_row][vc_column][vc_single_image image=&#8221;311&#8243; img_size=&#8221;large&#8221; alignment=&#8221;center&#8221;][\/vc_column][\/vc_row][vc_row][vc_column][vc_column_text] Jos\u00e9 Mar\u00eda Moreno Director Musical y Art\u00edstico www.josemariamoreno.net [\/vc_column_text][\/vc_column][\/vc_row]<\/p>\n","protected":false},"author":1,"featured_media":230,"parent":0,"menu_order":0,"comment_status":"closed","ping_status":"closed","template":"","meta":[],"_links":{"self":[{"href":"https:\/\/capellamallorquina.com\/es\/wp-json\/wp\/v2\/pages\/164"}],"collection":[{"href":"https:\/\/capellamallorquina.com\/es\/wp-json\/wp\/v2\/pages"}],"about":[{"href":"https:\/\/capellamallorquina.com\/es\/wp-json\/wp\/v2\/types\/page"}],"author":[{"embeddable":true,"href":"https:\/\/capellamallorquina.com\/es\/wp-json\/wp\/v2\/users\/1"}],"replies":[{"embeddable":true,"href":"https:\/\/capellamallorquina.com\/es\/wp-json\/wp\/v2\/comments?post=164"}],"version-history":[{"count":7,"href":"https:\/\/capellamallorquina.com\/es\/wp-json\/wp\/v2\/pages\/164\/revisions"}],"predecessor-version":[{"id":328,"href":"https:\/\/capellamallorquina.com\/es\/wp-json\/wp\/v2\/pages\/164\/revisions\/328"}],"wp:featuredmedia":[{"embeddable":true,"href":"https:\/\/capellamallorquina.com\/es\/wp-json\/wp\/v2\/media\/230"}],"wp:attachment":[{"href":"https:\/\/capellamallorquina.com\/es\/wp-json\/wp\/v2\/media?parent=164"}],"curies":[{"name":"wp","href":"https:\/\/api.w.org\/{rel}","templated":true}]}}

Director Musical y Artístico

<p>[vc_row][vc_column][vc_single_image image=&#8221;311&#8243; img_size=&#8221;large&#8221; alignment=&#8221;center&#8221;][/vc_column][/vc_row][vc_row][vc_column][vc_column_text]</p>
<h2>José María Moreno</h2>
<h2>Director Musical y Artístico</h2>
<h2 style="text-align: left;"><a href="http://josemariamoreno.net/">www.josemariamoreno.net</a></h2>
<p>[/vc_column_text][/vc_column][/vc_row]</p>

<p>[vc_row][vc_column][vc_single_image image=&#8221;311&#8243; img_size=&#8221;large&#8221; alignment=&#8221;center&#8221;][/vc_column][/vc_row][vc_row][vc_column][vc_column_text] José María Moreno Director Musical y Artístico www.josemariamoreno.net [/vc_column_text][/vc_column][/vc_row]</p>
