{"version":"1.0","provider_name":"Capella Mallorquina","provider_url":"https:\/\/capellamallorquina.com\/es\/","author_name":"Capella","author_url":"https:\/\/capellamallorquina.com\/es\/author\/capella\/","title":"Concierto de M\u00fasica de Cine - Capella Mallorquina","type":"rich","width":600,"height":338,"html":"<blockquote class=\"wp-embedded-content\" data-secret=\"hhwWn5YmWo\"><a href=\"https:\/\/capellamallorquina.com\/es\/concierto-de-musica-de-cine\/\">Concierto de M\u00fasica de Cine<\/a><\/blockquote><iframe sandbox=\"allow-scripts\" security=\"restricted\" src=\"https:\/\/capellamallorquina.com\/es\/concierto-de-musica-de-cine\/embed\/#?secret=hhwWn5YmWo\" width=\"600\" height=\"338\" title=\"\u00abConcierto de M\u00fasica de Cine\u00bb \u2014 Capella Mallorquina\" data-secret=\"hhwWn5YmWo\" frameborder=\"0\" marginwidth=\"0\" marginheight=\"0\" scrolling=\"no\" class=\"wp-embedded-content\"><\/iframe><script type=\"text\/javascript\">\n\/*! This file is auto-generated *\/\n!function(d,l){\"use strict\";var e=!1,o=!1;if(l.querySelector)if(d.addEventListener)e=!0;if(d.wp=d.wp||{},!d.wp.receiveEmbedMessage)if(d.wp.receiveEmbedMessage=function(e){var t=e.data;if(t)if(t.secret||t.message||t.value)if(!\/[^a-zA-Z0-9]\/.test(t.secret)){for(var r,a,i,s=l.querySelectorAll('iframe[data-secret=\"'+t.secret+'\"]'),n=l.querySelectorAll('blockquote[data-secret=\"'+t.secret+'\"]'),o=new RegExp(\"^https?:$\",\"i\"),c=0;c<n.length;c++)n[c].style.display=\"none\";for(c=0;c<s.length;c++)if(r=s[c],e.source===r.contentWindow){if(r.removeAttribute(\"style\"),\"height\"===t.message){if(1e3<(i=parseInt(t.value,10)))i=1e3;else if(~~i<200)i=200;r.height=i}if(\"link\"===t.message)if(a=l.createElement(\"a\"),i=l.createElement(\"a\"),a.href=r.getAttribute(\"src\"),i.href=t.value,o.test(i.protocol))if(i.host===a.host)if(l.activeElement===r)d.top.location.href=t.value}}},e)d.addEventListener(\"message\",d.wp.receiveEmbedMessage,!1),l.addEventListener(\"DOMContentLoaded\",t,!1),d.addEventListener(\"load\",t,!1);function t(){if(!o){o=!0;for(var e,t,r,a=-1!==navigator.appVersion.indexOf(\"MSIE 10\"),i=!!navigator.userAgent.match(\/Trident.*rv:11\\.\/),s=l.querySelectorAll(\"iframe.wp-embedded-content\"),n=0;n<s.length;n++){if(!(r=(t=s[n]).getAttribute(\"data-secret\")))r=Math.random().toString(36).substr(2,10),t.src+=\"#?secret=\"+r,t.setAttribute(\"data-secret\",r);if(a||i)(e=t.cloneNode(!0)).removeAttribute(\"security\"),t.parentNode.replaceChild(e,t);t.contentWindow.postMessage({message:\"ready\",secret:r},\"*\")}}}}(window,document);\n<\/script>\n","thumbnail_url":"https:\/\/capellamallorquina.com\/wp-content\/uploads\/2019\/10\/PELIS.jpg","thumbnail_width":1830,"thumbnail_height":2259,"description":"El viernes 11 de octubre de 2019 a las 20,00 h. en el Auditorium de Palma la Capella Mallorquina participar\u00e1 en un concierto de M\u00fasica de Cine que organiza el Festival M\u00fasicaMallorca. Ser\u00e1 un concierto con un magn\u00edfico programa de bandas sonoras como La, La, Land, Forrest Gump, Titanic, My Fair Lady, La Lista de&hellip;"}

Concierto de Música de Cine - Capella Mallorquina

<blockquote class="wp-embedded-content" data-secret="hhwWn5YmWo"><a href="https://capellamallorquina.com/es/concierto-de-musica-de-cine/">Concierto de Música de Cine</a></blockquote><iframe sandbox="allow-scripts" security="restricted" src="https://capellamallorquina.com/es/concierto-de-musica-de-cine/embed/#?secret=hhwWn5YmWo" width="600" height="338" title="«Concierto de Música de Cine» — Capella Mallorquina" data-secret="hhwWn5YmWo" frameborder="0" marginwidth="0" marginheight="0" scrolling="no" class="wp-embedded-content"></iframe><script type="text/javascript">
/*! This file is auto-generated */
!function(d,l){"use strict";var e=!1,o=!1;if(l.querySelector)if(d.addEventListener)e=!0;if(d.wp=d.wp||{},!d.wp.receiveEmbedMessage)if(d.wp.receiveEmbedMessage=function(e){var t=e.data;if(t)if(t.secret||t.message||t.value)if(!/[^a-zA-Z0-9]/.test(t.secret)){for(var r,a,i,s=l.querySelectorAll('iframe[data-secret="'+t.secret+'"]'),n=l.querySelectorAll('blockquote[data-secret="'+t.secret+'"]'),o=new RegExp("^https?:$","i"),c=0;c<n.length;c++)n[c].style.display="none";for(c=0;c<s.length;c++)if(r=s[c],e.source===r.contentWindow){if(r.removeAttribute("style"),"height"===t.message){if(1e3<(i=parseInt(t.value,10)))i=1e3;else if(~~i<200)i=200;r.height=i}if("link"===t.message)if(a=l.createElement("a"),i=l.createElement("a"),a.href=r.getAttribute("src"),i.href=t.value,o.test(i.protocol))if(i.host===a.host)if(l.activeElement===r)d.top.location.href=t.value}}},e)d.addEventListener("message",d.wp.receiveEmbedMessage,!1),l.addEventListener("DOMContentLoaded",t,!1),d.addEventListener("load",t,!1);function t(){if(!o){o=!0;for(var e,t,r,a=-1!==navigator.appVersion.indexOf("MSIE 10"),i=!!navigator.userAgent.match(/Trident.*rv:11\./),s=l.querySelectorAll("iframe.wp-embedded-content"),n=0;n<s.length;n++){if(!(r=(t=s[n]).getAttribute("data-secret")))r=Math.random().toString(36).substr(2,10),t.src+="#?secret="+r,t.setAttribute("data-secret",r);if(a||i)(e=t.cloneNode(!0)).removeAttribute("security"),t.parentNode.replaceChild(e,t);t.contentWindow.postMessage({message:"ready",secret:r},"*")}}}}(window,document);
</script>

El viernes 11 de octubre de 2019 a las 20,00 h. en el Auditorium de Palma la Capella Mallorquina participará en un concierto de Música de Cine que organiza el Festival MúsicaMallorca. Será un concierto con un magnífico programa de bandas sonoras como La, La, Land, Forrest Gump, Titanic, My Fair Lady, La Lista de&hellip;
